3*b - 4. Let q be 4/(-1 - (-3 + 3)). Let p be o(q). Is h(p) prime?
False
Let b = 2213 - -108. Is b prime?
False
Let r be -100 + ((-6)/(-3) - 5). Let s = r - 16. Let n = 450 + s. Is n prime?
True
Suppose 2*p + u - 530 = 860, -5*u + 2071 = 3*p. Is p a prime number?
False
Suppose 2*w - w = -v - 46, -4*w - 92 = 2*v. Let z = 131 + v. Is z a prime number?
False
Let a(b) = -100*b - 69. Is a(-4) composite?
False
Suppose 7276 = 3*m + m. Suppose 0 = 4*z - k - m, 3*z + k - 1813 = -z. Is z a composite number?
True
Is 183638/(-52)*(-4)/2 a composite number?
True
Let z be 18*-1 - 15/(-5). Let u(x) = -x**3 - 8*x**2 + 3*x - 19. Is u(z) a composite number?
False
Let l = -35944 + 73117. Is l a prime number?
False
Let y be (521/3)/((-7)/(-21)). Let w = y - 362. Is w prime?
False
Let c(q) = 17*q**3 + 11*q**2 + 17*q - 11. Is c(8) prime?
True
Let t = -13819 - -71928. Is t a composite number?
False
Suppose 6*s - 4*s = 16. Suppose 2*t + 5*z - 19 = s, -2*t - 2*z + 18 = 0. Let b(n) = n**2 - 3*n + 7. Is b(t) a composite number?
True
Suppose 4*t + 2*i - 42684 = 0, 5*t = 9*i - 8*i + 53369. Is t a prime number?
False
Let c(q) = q**2 + 2*q + 1249. Suppose -3*u + i - 4*i + 15 = 0, 4*i = -3*u + 20. Is c(u) a prime number?
True
Let b(a) = 271*a**2 - 10*a + 41. Is b(4) prime?
True
Let m = 43 + -22. Let z be (-6)/m + 8/28. Suppose z = -5*i + 25, 3*r + i - 150 = 2*r. Is r a prime number?
False
Let b(z) = -z**3 + z**2 + z + 3. Let q be b(0). Let n = q + 2. Let d = 18 - n. Is d composite?
False
Suppose 752 = i - 63. Suppose 0 = a, i = 5*v + 5*a - 4*a. Is v a prime number?
True
Is (25/15)/(2 - 6819/3411) a prime number?
False
Suppose 0 = -3*w - 0*w + 9. Suppose 1088 = w*t + t. Let m = t - 179. Is m prime?
False
Let p = 3896 - 1795. Is p a prime number?
False
Suppose 0 = -2*f + 4*g - 5*g + 4901, -5*g = -4*f + 9837. Is f prime?
False
Suppose 4*d - 4*h - 5248 = 0, 4*d = 7*h - 11*h + 5256. Is d prime?
False
Let u(k) = -k**3 + 15*k**2 + 3*k - 16. Let q be u(15). Let o = q - 13. Is 4076/o + 3/(-4) composite?
True
Let h(s) = 2*s - 4. Let o be h(4). Suppose -o*d = 5*x - 3, d + 5*x - 24 = 4*d. Let u(z) = -23*z**3 + z**2 + 3*z + 2. Is u(d) prime?
False
Suppose -k + 4*n + 22597 = 0, -4*k + 22597 = -3*k + 3*n. Is k a prime number?
False
Suppose 5*x - 4*h + 1 = -0*h, -x + 3*h = 9. Let p be (x + 7)*(-2)/(-4). Let b(r) = r**3 - 3*r**2 - 5*r - 2. Is b(p) composite?
False
Suppose i - 1139 = u - 4*u, 2*i - 4*u - 2318 = 0. Is i a prime number?
True
Let z(d) = -37*d - 6. Let u be z(-5). Suppose 0 = -v + 56 + u. Is v composite?
True
Suppose k + 4*b = -11, -2*k - 2*b = 2*k + 16. Is k/(-4)*(-24)/(-3) a prime number?
False
Let o(k) = k**3 + 3*k**2 - 3*k + 4. Let v be o(7). Suppose -v - 1918 = -3*g. Is g prime?
True
Let c(b) = 201*b**2 + 7*b + 31. Is c(-3) prime?
False
Let s(f) = 6*f**2 - 31*f - 21. Is s(-10) a composite number?
True
Let v = 1331 + -640. Is v prime?
True
Let q = 10695 + -4916. Is q composite?
False
Let v(t) = 24132*t**3 - 2*t**2 + 1. Is v(1) a composite number?
True
Is (2 - 2/2)*127*1 composite?
False
Suppose -n + 686 = -20165. Is n a composite number?
True
Is ((-153)/(-12))/(9/1524) composite?
True
Suppose 2*o + 887 = 3*o - 5*a, 4435 = 5*o - 5*a. Is o prime?
True
Let k = 387413 - 181422. Is k a prime number?
True
Suppose -13541 = -5*o + 2754. Is o composite?
False
Let u be (-2876)/5*(-10)/4. Suppose 0*b - 2*b - 3*r = -725, -2*r = 4*b - u. Let d = b - 167. Is d prime?
True
Let t = 13 + -9. Let u(b) = b - 7. Let r be u(t). Is (62 + r)*(2 - 1) prime?
True
Let y = -13 - -15. Suppose y*w + 4*s = -6, -w + s = 2*s. Suppose 4*p - 155 = -w*t - 0*t, t + 4*p - 49 = 0. Is t composite?
False
Let m(s) = -s + 17. Let l be m(14). Suppose l*w + 36 = -3*w. Is ((-586)/4)/(w/12) a composite number?
False
Let q(s) = -9*s**3 + 4*s**2 + 13*s - 19. Is q(-11) a composite number?
False
Let h(u) = -1507*u + 3. Is h(-2) a composite number?
True
Suppose 0*j - 2*x - 20 = -j, -3*x = -6. Suppose -m - j = -2*m. Is (-76 - 0)*(-66)/m composite?
True
Let f(p) = p**2 + 3*p - 3. Suppose 0 = -5*c - 3*z - 39, 4*c + z = -c - 33. Let v(j) = j - 2. Let t be v(c). Is f(t) composite?
False
Suppose 5*p = -t - 48, -p - 2*t = 3 + 3. Let f be (16/p)/((-4)/480). Suppose 4*m - 124 = f. Is m a prime number?
True
Suppose 3*n - 12 = 2*q, -3*n - 1 = 4*q + 5. Let l(g) = 215*g**2 + 9*g + 1. Is l(n) a prime number?
False
Suppose 0 = -5*i + 105 - 135. Is 52468/78*i/(-4) a composite number?
False
Suppose 0*z - 8 = -z - 4*m, -2*m = 3*z - 4. Suppose 2*i - 2*p - 930 = 0, -2*p = -4*i - z*p + 1864. Is i a prime number?
True
Is (58642 - 1) + 50 + -52 prime?
False
Suppose -2*p = -42 - 98. Let o = 27 + p. Is o prime?
True
Suppose -g = -2*s - 28, 0 = 6*g - 7*g + s + 28. Suppose g*n = 35*n - 26453. Is n composite?
False
Let k(z) = -2*z + 4. Let j be k(0). Is (j - 42)*(5/(-2) + 2) prime?
True
Let i be 14*15/(-6)*(-610)/25. Suppose -5*f + 3*g = -890 - i, 2*f + 2*g - 688 = 0. Is f a prime number?
True
Suppose -1382 = 2*h + 430. Let i = 1328 + h. Suppose -4*k = -i + 126. Is k a prime number?
False
Is ((-168)/35)/12*(0 - 55) a prime number?
False
Is 1/(((-5)/(-29765))/1) a prime number?
True
Let v(r) be the second derivative of r**5/10 + r**3/6 + r**2 + 5*r. Is v(5) a composite number?
False
Let z(m) be the first derivative of m - 3 + m**3 + 1/2*m**2 - 51/4*m**4. Is z(-2) a composite number?
False
Let y(b) = 6*b + 447. Is y(-11) prime?
False
Suppose 3*o + m = 2142 + 212, -o = 2*m - 783. Is o composite?
True
Suppose -3*o = 4*o - 14. Suppose m = 3*n - 4*n + 73, o*n + 5*m - 152 = 0. Is n prime?
True
Is (-3 - -7) + 0 + 0 + 1333 a composite number?
True
Let j(t) = -7*t**3 + 2*t**2 - 2. Let c be j(2). Let a be c/6 - (-4)/12. Let f = a - -99. Is f prime?
False
Let f be -4*(-2 - 44/(-8)). Let o(h) = 2*h - 5. Let b be o(-9). Let w = f - b. Is w a prime number?
False
Suppose -h + 7*h - 1188 = 0. Suppose 3*z + 95 = -m + 382, 2*z + 2*m - h = 0. Is z a prime number?
False
Suppose h - 14599 = -d, -4*d + 72995 = 2*h + 3*h. Is h composite?
True
Let j be (6/9)/(4 + (-406)/105). Let f be ((-7)/((-7)/1704))/1. Suppose 389 = -j*d + f. Is d composite?
False
Let s(r) = 2491*r + 279. Is s(4) a prime number?
True
Let z(y) = -54*y**3 - 4*y**2 + 13*y - 4. Let m(j) = j**3 + j**2 - j. Let w(s) = 6*m(s) - z(s). Is w(3) a composite number?
False
Let u = -7 + 8. Let s be (-4)/((-8)/354) - u. Let m = 363 - s. Is m a prime number?
False
Is 2 - 7 - -8 - -4778 composite?
True
Suppose -2*f + 1147 + 3487 = 0. Is f a prime number?
False
Suppose -z - 2 = -n, -5*n = 3*z - 27 + 1. Suppose -2*a + 2*l + 1002 = 2*a, 511 = z*a + l. Is a composite?
True
Suppose 0 = -3*p + 2*p - 3. Let f(w) = 6*w**2 - 6*w + 2. Is f(p) prime?
False
Is -12*(-6)/144 + 29133/2 a composite number?
True
Let g(q) = 11*q**2 + 5*q**2 - 12*q + 3*q - 5 + q. Is g(12) a prime number?
True
Let x be (10/(-25))/((-3)/915). Suppose 2*f = 1716 - x. Is f composite?
False
Let k(o) = -o**3 - 8*o**2 + 10*o + 9. Let p be k(-9). Is -2*((-9235)/10 + p) prime?
True
Let x be (3/(-6))/(1/(-16)). Is 4/(-16) - (-2330)/x composite?
True
Is ((-42)/(-105))/(2/1255) a composite number?
False
Let l be ((-1)/2)/((-2)/456). Is (-7 - l/(-18))*(-15261)/2 a composite number?
False
Let i be 8/(-36) - (-4)/18. Suppose 0 = -4*a + 4 + 4. Suppose a*o = -i*o + 74. Is o prime?
True
Let t = 29 + -19. Is (-466)/(-6) + t/(-15) a composite number?
True
Let a = -204 - -1000. Let v = a + -402. Suppose -3*i + 5*x - v = -1167, 514 = 2*i - 3*x. Is i a prime number?
True
Let v(p) = p**2 - 18*p + 36. Let f be v(16). Suppose -2*o - 638 = -f*o. Is o a prime number?
False
Let k(o) = 50*o + 11962. Is k(0) composite?
True
Let r(i) = 2*i + 2. Let p be r(1). Let x(q) = 3*q**2 + 0*q + 10*q**2 - 3*q**2 - 4*q + 5. Is x(p) a prime number?
True
Let w(i) = -i**3 - i**2 - i + 853. Let p be w(0). Suppose -493 = -4*v - 2*t + p, 0 = -5*v + 4*t + 1689. Is v composite?
False
Suppose -3*w + w = -2108. Suppose -2*n = -0*n - 3*j - w, 3*n - 1543 = -5*j. Is n prime?
True
Suppose -4*u - 3*k + 8553 = -8523, 2*u - 8564 = 5*k. Suppose -4*t = -6*x + 10*x - u, 0 = 3*x - t - 3208. Is x composite?
False
Let p = 5065 + -2932. Suppose 3*a + p = 5*l, -5*l + 0*a - 5*a = -2165. Suppose -2*h - 2*d + 175 = -l, -4*h = -5*d - 1217. Is h composite?
True
Let g be 6/(-10) + 126/10. Let y = 14 - g. Suppose -y*v + 58 = -19